rt 2383 (base 9) to base 4.
123300
What is 10542 (base 7) in base 11?
2013
1ee (base 15) to base 16
1c1
40034 (base 6) to base 9
7124
2aa9 (base 11) to base 5
111431
400 (base 6) to base 5
1034
What is -21083 (base 10) in base 7?
-115316
-2112 (base 7) to base 12
-520
What is -1212012210 (base 3) in base 5?
-2132411
What is -650a (base 11) in base 9?
-12716
1178 (base 10) to base 2
10010011010
Convert -51450 (base 9) to base 6.
-420543
-100010011110010 (base 2) to base 9
-26181
Convert 121 (base 10) to base 16.
79
11000100 (base 2) to base 9
237
What is 1011 (base 6) in base 10?
223
-1033203 (base 4) to base 10
-5091
What is -3179 (base 11) in base 8?
-10150
Convert 111c (base 14) to base 3.
11001212
-6cad (base 15) to base 4
-11221021
Convert 1088 (base 9) to base 8.
1451
What is 6451 (base 8) in base 16?
d29
What is 61c (base 16) in base 14?
7da
555 (base 8) to base 16
16d
What is -3010223 (base 4) in base 12?
-734b
-513 (base 10) to base 13
-306
What is 5773 (base 10) in base 2?
1011010001101
22415 (base 6) to base 16
c6b
What is -11114 (base 6) in base 5?
-22213
What is -a51 (base 13) in base 10?
-1756
-1335 (base 6) to base 2
-101011011
What is -207a7 (base 13) in base 16?
-e44a
What is -1463 (base 9) in base 11?
-91a
-5666 (base 9) to base 11
-3170
Convert 110111100101000 (base 2) to base 8.
67450
Convert -3 (base 4) to base 8.
-3
14115 (base 6) to base 3
10000202
What is -1024405 (base 6) in base 12?
-25105
121021 (base 4) to base 13
96a
-13422 (base 6) to base 5
-31402
Convert -204301 (base 5) to base 15.
-2051
-72 (base 13) to base 10
-93
Convert -111001000 (base 2) to base 9.
-556
-3411 (base 9) to base 7
-10231
Convert -113535 (base 6) to base 9.
-14545
-1131 (base 7) to base 2
-110011110
What is 1329 (base 11) in base 13?
a29
What is 13013 (base 4) in base 6?
2035
3541 (base 10) to base 12
2071
16710 (base 8) to base 12
44b4
Convert 1605 (base 7) to base 4.
22002
Convert 102212100 (base 3) to base 7.
34134
What is -2555 (base 6) in base 12?
-45b
23790 (base 11) to base 10
34221
What is -4543 (base 9) in base 8?
-6440
Convert 4366 (base 8) to base 11.
17a6
Convert 157c0 (base 14) to base 5.
3204201
30410 (base 6) to base 14
1686
-655 (base 12) to base 3
-1021102
Convert 1705 (base 8) to base 3.
1022202
Convert -296 (base 16) to base 12.
-472
What is -110022220 (base 3) in base 15?
-29e3
What is -1660 (base 8) in base 5?
-12234
1341114 (base 5) to base 9
41842
Convert 42430 (base 5) to base 6.
21133
Convert -1643b (base 13) to base 5.
-2324334
What is -208 (base 13) in base 7?
-1003
Convert -396 (base 15) to base 11.
-682
-815 (base 13) to base 3
-1212202
What is 102355 (base 7) in base 13?
8080
What is -14ce (base 15) in base 11?
-33a3
What is 9d (base 15) in base 4?
2110
What is 114 (base 11) in base 15?
91
What is -7488 (base 9) in base 15?
-1972
305142 (base 6) to base 14
8cbc
What is -52403 (base 6) in base 4?
-1232103
Convert -12a (base 15) to base 7.
-526
Convert -aa0 (base 13) to base 16.
-71c
45033 (base 6) to base 4
1202031
Convert 1101010 (base 3) to base 4.
33222
-201002 (base 3) to base 12
-36b
Convert -2740 (base 9) to base 8.
-4015
-302331 (base 4) to base 12
-1a79
What is 2002101001 (base 3) in base 4?
22002013
Convert -200211 (base 3) to base 15.
-23d
Convert -54500 (base 7) to base 16.
-3536
Convert 345 (base 8) to base 2.
11100101
-72 (base 8) to base 10
-58
a7a (base 11) to base 4
110101
-121210211 (base 3) to base 12
-7111
-112101212 (base 3) to base 14
-3b7d
Convert 27 (base 14) to base 6.
55
18369 (base 11) to base 10
25727
-365 (base 8) to base 6
-1045
What is -1111010 (base 2) in base 10?
-122
What is 2b62 (base 13) in base 15?
1d23
-bb (base 16) to base 7
-355
141005 (base 7) to base 6
323515
What is 1056 (base 16) in base 5?
113212
What is 30b (base 12) in base 9?
542
-769 (base 15) to base 6
-11430
410433 (base 5) to base 14
4b7d
Convert 2632 (base 10) to base 2.
101001001000
10656 (base 7) to base 9
3670
What is 21101 (base 5) in base 14?
721
Convert 20477 (base 10) to base 3.
1001002102
What is -22212201 (base 4) in base 10?
-43425
22d (base 15) to base 16
1ed
Convert -3590 (base 12) to base 3.
-22020200
What is 1038a (base 14) in base 9?
58603
4bd4 (base 16) to base 13
8ab3
Convert -207 (base 14) to base 15.
-1b9
What is -3775 (base 13) in base 16?
-1ebe
What is 1254 (base 6) in base 11?
273
Convert -10020121 (base 3) to base 12.
-1451
Convert -2220113 (base 4) to base 5.
-321100
Convert 44b (base 13) to base 12.
517
Convert 1534 (base 7) to base 3.
211201
Convert -120223 (base 5) to base 14.
-1890
What is -64415 (base 7) in base 12?
-9302
-1102202 (base 3) to base 5
-13141
What is 155 (base 6) in base 11?
65
What is -11555 (base 7) in base 5?
-44104
What is 428 (base 9) in base 12?
252
-10011101000 (base 2) to base 13
-758
Convert -10212 (base 5) to base 10.
-682
194 (base 10) to base 5
1234
Convert -32bab (base 13) to base 10.
-92077
351 (base 16) to base 12
5a9
What is -1135 (base 7) in base 3?
-120111
Convert -66860 (base 9) to base 16.
-ad9a
Convert -6432 (base 7) to base 5.
-33102
What is 33432 (base 6) in base 15?
15d5
160 (base 16) to base 14
1b2
Convert -64 (base 9) to base 7.
-112
1582 (base 11) to base 4
133222
f5 (base 16) to base 12
185
Convert 4cca (base 16) to base 3.
222222002
What is -13614 (base 8) in base 2?
-1011110001100
Convert -71 (base 14) to base 8.
-143
Convert -5450 (base 10) to base 15.
-1935
What is 416 (base 13) in base 3?
221202
Convert -113233 (base 4) to base 7.
-4300
1011000000001001 (base 2) to base 9
67732
Convert 3369 (base 12) to base 16.
1641
What is 11105 (base 8) in base 13?
218a
Convert -1758c (base 15) to base 3.
-10211120120
What is -11000 (base 3) in base 8?
-154
What is 1230332 (base 4) in base 7?
26222
What is -770 (base 10) in base 11?
-640
258a (base 16) to base 9
14157
359 (base 12) to base 2
111110101
What is 100000011010 (base 2) in base 15?
934
What is cb7 (base 15) in base 13?
13cc
22506 (base 13) to base 5
3443432
What is 10010001100 (base 2) in base 6?
5220
What is 1644 (base 8) in base 16?
3a4
1011111100 (base 2) to base 8
1374
Convert -5a26 (base 13) to base 9.
-18378
-225421 (base 6) to base 7
-110335
Convert -28b9 (base 16) to base 15.
-3150
What is -1223 (base 8) in base 6?
-3015
Convert 13514 (base 9) to base 10.
9166
Convert -103065 (base 8) to base 10.
-34357
What is -10020 (base 3) in base 7?
-153
What is 23241 (base 5) in base 8?
3240
Convert -10110202110 (base 3) to base 6.
-1244233
What is -7e10 (base 15) in base 7?
-141051
-24000 (base 5) to base 9
-2354
Convert 221122220 (base 3) to base 2.
100100100010100
What is -143a (base 12) in base 5?
-33400
Convert 34103 (base 6) to base 4.
1022313
Convert 14414 (base 5) to base 15.
574
What is -1b8 (base 16) in base 4?
-12320
Convert -1527 (base 16) to base 3.
-21102120
What is -81a (base 16) in base 15?
-934
d05 (base 15) to base 11
2224
What is 120012221 (base 3) in base 8?
25527
-8cb0 (base 13) to base 2
-100110100100011
Convert -8640 (base 9) to base 5.
-200404
What is -23b8a (base 12) in base 8?
-136332
823 (base 14) to base 5
22344
-5226 (base 8) to base 2
-101010010110
2292 (base 10) to base 11
17a4
What is 321230 (base 4) in base 10?
3692
-10201322 (base 4) to base 2
-100100001111010
1011010011000100 (base 2) to base 16
b4c4
Convert 101111001111 (base 2) to base 5.
44043
-c71 (base 13) to base 9
-2815
What is 724 (base 14) in base 2?
10101111100
Convert -471d (base 15) to base 3.
-202201101
-3033210 (base 4) to base 9
-20200
-3a7 (base 11) to base 2
-111100000
-2423111 (base 5) to base 13
-1788a
5185 (base 9) to base 7
14042
What is -1001111110 (base 2) in base 9?
-778
-7226 (base 10) to base 12
-4222
Convert 69e1 (base 15) to base 8.
53726
What is 7818 (base 9) in base 7?
22550
Convert 202122 (base 3) to base 11.
467
-1003323 (base 5) to base 10
-16088
12001 (base 3) to base 12
b4
Convert -230 (base 5) to base 2.
-1000001
4211410 (base 5) to base 7
406634
Convert -1012200212 (base 3) to base 14.
-8989
Convert a61 (base 11) to base 8.
2375
What is -100222 (base 3) in base 13?
-179
What is -9344 (base 10) in base 3?
-110211002
What is -3560 (base 11) in base 9?
-6352
-17d19 (base 15) to base 14
-201c3
d9e (base 16) to base 12
2026
Convert -32032 (base 5) to base 16.
-85e
10111 (bas